{"id":351,"date":"2025-04-30T10:10:30","date_gmt":"2025-04-30T08:10:30","guid":{"rendered":"https:\/\/axisport.fr\/?page_id=351"},"modified":"2025-04-30T10:28:24","modified_gmt":"2025-04-30T08:28:24","slug":"soiree-flechettes-2025","status":"publish","type":"page","link":"https:\/\/axisport.fr\/index.php\/soiree-flechettes-2025\/","title":{"rendered":"Soir\u00e9e fl\u00e9chettes 2025"},"content":{"rendered":"\n<h2 class=\"wp-block-heading\">Le concept<\/h2>\n\n\n\n<p style=\"padding-top:0;padding-bottom:0;line-height:1\">La routine de ce sport peut \u00eatre d\u00e9crite par \u00ab&nbsp;Gorg\u00e9e, concentration, respiration\u2026 Tir !&nbsp;\u00bb mais la pr\u00e9cision restera ton meilleur atout.<br><br>En compl\u00e9ment, un arbitrage vid\u00e9o automatis\u00e9 est pr\u00e9sent pour \u00e9viter toutes tentatives de fraude et tu seras autour d\u2019un d\u00e9cor \u00e9l\u00e9gant style britannique Londonien \u00e0 l\u2019ambiance Rock\u2019n Roll. <br><br>Tous les ingr\u00e9dients sont r\u00e9unis pour passer une soir\u00e9e m\u00e9morable like a gangster of London ! <br><br>La soir\u00e9e s&#8217;est d\u00e9roul\u00e9 au Helter Skelter de Lille que nous remercions pour l&#8217;accueil !<br><\/p>\n\n\n\n<figure class=\"wp-block-image size-large\"><img loading=\"lazy\" decoding=\"async\" width=\"1024\" height=\"576\" src=\"https:\/\/axisport.fr\/wp-content\/uploads\/2025\/04\/480706327_1380602789979620_8495406053095828530_n-1024x576.jpg\" alt=\"\" class=\"wp-image-352\" srcset=\"https:\/\/axisport.fr\/wp-content\/uploads\/2025\/04\/480706327_1380602789979620_8495406053095828530_n-1024x576.jpg 1024w, https:\/\/axisport.fr\/wp-content\/uploads\/2025\/04\/480706327_1380602789979620_8495406053095828530_n-300x169.jpg 300w, https:\/\/axisport.fr\/wp-content\/uploads\/2025\/04\/480706327_1380602789979620_8495406053095828530_n-768x432.jpg 768w, https:\/\/axisport.fr\/wp-content\/uploads\/2025\/04\/480706327_1380602789979620_8495406053095828530_n-1536x864.jpg 1536w, https:\/\/axisport.fr\/wp-content\/uploads\/2025\/04\/480706327_1380602789979620_8495406053095828530_n.jpg 1677w\" sizes=\"auto, (max-width: 1024px) 100vw, 1024px\" \/><\/figure>\n\n\n\n<h2 class=\"wp-block-heading\" style=\"margin-top:var(--wp--preset--spacing--30);margin-bottom:var(--wp--preset--spacing--30)\">Retour sur la soir\u00e9e<\/h2>\n\n\n\n<p style=\"border-style:none;border-width:0px;margin-top:0;margin-right:0;margin-bottom:0;margin-left:0;padding-right:0;padding-left:0;line-height:1\">Vingt personnes ont pris part \u00e0 cet \u00e9v\u00e9nement du 18 avril 2025, o\u00f9 chaque participant a eu l&#8217;occasion de se retrouver autour des jeux de 301 et de cricket simplifi\u00e9 pendant environ 2h30.<br><br>Quelques photos de l&#8217;\u00e9v\u00e8nement : <br><\/p>\n\n\n\n<div class=\"alignnormal\"><div id=\"metaslider-id-354\" style=\"width: 100%; margin: 0 auto;\" class=\"ml-slider-3-97-0 metaslider metaslider-flex metaslider-354 ml-slider ms-theme-default-base has-dots-nav\" role=\"region\" aria-roledescription=\"Slideshow\" aria-label=\"Nouveau diaporama\" data-width=\"1290\">\n    <div id=\"metaslider_container_354\">\n        <div id=\"metaslider_354\">\n            <ul class='slides'>\n                <li style=\"display: block; width: 100%;\" class=\"slide-378 ms-image \" aria-roledescription=\"slide\" aria-label=\"slide-378\" data-date=\"2025-04-30 09:59:33\"><img loading=\"lazy\" decoding=\"async\" src=\"https:\/\/axisport.fr\/wp-content\/uploads\/2025\/04\/IMG_7750-scaled-1290x560.jpg\" height=\"560\" width=\"1290\" alt=\"\" class=\"slider-354 slide-378\" title=\"2025_04_18\" \/><\/li>\n                <li style=\"display: none; width: 100%;\" class=\"slide-382 ms-image \" aria-roledescription=\"slide\" aria-label=\"slide-382\" data-date=\"2025-04-30 09:59:33\"><img loading=\"lazy\" decoding=\"async\" src=\"https:\/\/axisport.fr\/wp-content\/uploads\/2025\/04\/IMG_7748-scaled-1290x560.jpg\" height=\"560\" width=\"1290\" alt=\"\" class=\"slider-354 slide-382\" title=\"2025_04_18\" \/><\/li>\n                <li style=\"display: none; width: 100%;\" class=\"slide-381 ms-image \" aria-roledescription=\"slide\" aria-label=\"slide-381\" data-date=\"2025-04-30 09:59:33\"><img loading=\"lazy\" decoding=\"async\" src=\"https:\/\/axisport.fr\/wp-content\/uploads\/2025\/04\/IMG_7749-scaled-1290x560.jpg\" height=\"560\" width=\"1290\" alt=\"\" class=\"slider-354 slide-381\" title=\"2025_04_18\" \/><\/li>\n                <li style=\"display: none; width: 100%;\" class=\"slide-384 ms-image \" aria-roledescription=\"slide\" aria-label=\"slide-384\" data-date=\"2025-04-30 09:59:33\"><img loading=\"lazy\" decoding=\"async\" src=\"https:\/\/axisport.fr\/wp-content\/uploads\/2025\/04\/IMG_7746-scaled-1290x560.jpg\" height=\"560\" width=\"1290\" alt=\"\" class=\"slider-354 slide-384\" title=\"2025_04_18\" \/><\/li>\n                <li style=\"display: none; width: 100%;\" class=\"slide-380 ms-image \" aria-roledescription=\"slide\" aria-label=\"slide-380\" data-date=\"2025-04-30 09:59:33\"><img loading=\"lazy\" decoding=\"async\" src=\"https:\/\/axisport.fr\/wp-content\/uploads\/2025\/04\/IMG_7751-scaled-1290x560.jpg\" height=\"560\" width=\"1290\" alt=\"\" class=\"slider-354 slide-380\" title=\"2025_04_18\" \/><\/li>\n                <li style=\"display: none; width: 100%;\" class=\"slide-383 ms-image \" aria-roledescription=\"slide\" aria-label=\"slide-383\" data-date=\"2025-04-30 09:59:33\"><img loading=\"lazy\" decoding=\"async\" src=\"https:\/\/axisport.fr\/wp-content\/uploads\/2025\/04\/IMG_7743-1-scaled-1290x560.jpg\" height=\"560\" width=\"1290\" alt=\"\" class=\"slider-354 slide-383\" title=\"2025_04_18\" \/><\/li>\n                <li style=\"display: none; width: 100%;\" class=\"slide-379 ms-image \" aria-roledescription=\"slide\" aria-label=\"slide-379\" data-date=\"2025-04-30 09:59:33\"><img loading=\"lazy\" decoding=\"async\" src=\"https:\/\/axisport.fr\/wp-content\/uploads\/2025\/04\/IMG_7754-scaled-1290x560.jpg\" height=\"560\" width=\"1290\" alt=\"\" class=\"slider-354 slide-379\" title=\"2025_04_18\" \/><\/li>\n                <li style=\"display: none; width: 100%;\" class=\"slide-385 ms-image \" aria-roledescription=\"slide\" aria-label=\"slide-385\" data-date=\"2025-04-30 09:59:33\"><img loading=\"lazy\" decoding=\"async\" src=\"https:\/\/axisport.fr\/wp-content\/uploads\/2025\/04\/IMG_7744-scaled-1290x560.jpg\" height=\"560\" width=\"1290\" alt=\"\" class=\"slider-354 slide-385\" title=\"2025_04_18\" \/><\/li>\n            <\/ul>\n        <div class='flex-progress-bar'><\/div>\n        <\/div>\n        \n    <\/div>\n<\/div><\/div>\n\n\n\n<p>Bravo \u00e0 tous et mention sp\u00e9ciale aux gagnants :<br><br><br><\/p>\n\n\n\n<figure class=\"wp-block-image aligncenter size-full is-style-default\" style=\"margin-top:0;margin-bottom:0\"><img loading=\"lazy\" decoding=\"async\" width=\"324\" height=\"720\" src=\"http:\/\/axisport.fr\/wp-content\/uploads\/2025\/04\/WhatsApp-Image-2025-04-25-at-16.45.19-e1745999643815.jpeg\" alt=\"\" class=\"wp-image-361\"\/><\/figure>\n","protected":false},"excerpt":{"rendered":"<p>Le concept La routine de ce sport peut \u00eatre d\u00e9crite par \u00ab&nbsp;Gorg\u00e9e, concentration, respiration\u2026 Tir !&nbsp;\u00bb mais la pr\u00e9cision restera ton meilleur atout. En compl\u00e9ment, un arbitrage vid\u00e9o automatis\u00e9 est pr\u00e9sent pour \u00e9viter toutes tentatives de fraude et tu seras autour d\u2019un d\u00e9cor \u00e9l\u00e9gant style britannique Londonien \u00e0 l\u2019ambiance Rock\u2019n Roll. Tous les ingr\u00e9dients sont [&hellip;]<\/p>\n","protected":false},"author":1,"featured_media":0,"parent":0,"menu_order":0,"comment_status":"closed","ping_status":"closed","template":"","meta":{"footnotes":""},"class_list":["post-351","page","type-page","status-publish","hentry"],"_links":{"self":[{"href":"https:\/\/axisport.fr\/index.php\/wp-json\/wp\/v2\/pages\/351","targetHints":{"allow":["GET"]}}],"collection":[{"href":"https:\/\/axisport.fr\/index.php\/wp-json\/wp\/v2\/pages"}],"about":[{"href":"https:\/\/axisport.fr\/index.php\/wp-json\/wp\/v2\/types\/page"}],"author":[{"embeddable":true,"href":"https:\/\/axisport.fr\/index.php\/wp-json\/wp\/v2\/users\/1"}],"replies":[{"embeddable":true,"href":"https:\/\/axisport.fr\/index.php\/wp-json\/wp\/v2\/comments?post=351"}],"version-history":[{"count":7,"href":"https:\/\/axisport.fr\/index.php\/wp-json\/wp\/v2\/pages\/351\/revisions"}],"predecessor-version":[{"id":427,"href":"https:\/\/axisport.fr\/index.php\/wp-json\/wp\/v2\/pages\/351\/revisions\/427"}],"wp:attachment":[{"href":"https:\/\/axisport.fr\/index.php\/wp-json\/wp\/v2\/media?parent=351"}],"curies":[{"name":"wp","href":"https:\/\/api.w.org\/{rel}","templated":true}]}}