{"id":331,"date":"2025-02-16T08:34:12","date_gmt":"2025-02-16T07:34:12","guid":{"rendered":"https:\/\/axisport.fr\/?page_id=331"},"modified":"2025-02-16T18:53:59","modified_gmt":"2025-02-16T17:53:59","slug":"escalade-de-bloc-2024","status":"publish","type":"page","link":"https:\/\/axisport.fr\/index.php\/escalade-de-bloc-2024\/","title":{"rendered":"Escalade de bloc 2024"},"content":{"rendered":"\n<h2 class=\"wp-block-heading\">Le concept<\/h2>\n\n\n\n<p class=\"has-text-align-left justifier\" style=\"margin-top:var(--wp--preset--spacing--40);margin-bottom:var(--wp--preset--spacing--40);line-height:1.1\">Quelques phrases pour le d\u00e9crire et laisser votre imagination d\u00e9bordante s\u2019\u00e9veiller. Que vous soyez amateur de finesse et d\u2019\u00e9quilibre ou plut\u00f4t broyeur de prises, il y en aura pour tous les go\u00fbts. Avec ce sport, vous avez l&#8217;occasion de repousser vos limites tout en vous amusant et en partageant un moment de convivialit\u00e9.<br><\/p>\n\n\n\n<p class=\"has-text-align-left justifier\" style=\"margin-top:var(--wp--preset--spacing--40);margin-bottom:var(--wp--preset--spacing--40);line-height:1.1\"><strong>Le bloc<\/strong>, c\u2019est un type d\u2019escalade qui se pratique sur\u00a0<strong>des parois de faible hauteur<\/strong>\u00a0(g\u00e9n\u00e9ralement inf\u00e9rieures \u00e0 4,7 m\u00e8tres) sur des structures artificielles \u00e9quip\u00e9es de prises qui jalonnent un parcours selon un niveau choisi. <\/p>\n\n\n\n<h2 class=\"wp-block-heading\" style=\"margin-top:var(--wp--preset--spacing--40);margin-bottom:var(--wp--preset--spacing--40)\">Retour sur la soir\u00e9e <\/h2>\n\n\n\n<p style=\"line-height:1.1\">11 personnes ont particip\u00e9 \u00e0 cet \u00e9v\u00e8nement qui a eu lieu le 31\/01\/2025 au complexe de Marcq-En-Bar\u0153ul dont l\u2019objectif est de d\u00e9couvrir l\u2019escalade en bloc\u00a0!<br><br><br>Quelques photos :<br><\/p>\n\n\n\n<figure class=\"wp-block-gallery has-nested-images columns-default is-cropped wp-block-gallery-1 is-layout-flex wp-block-gallery-is-layout-flex\">\n<figure class=\"wp-block-image size-large\"><img loading=\"lazy\" decoding=\"async\" width=\"1024\" height=\"768\" data-id=\"332\" src=\"https:\/\/axisport.fr\/wp-content\/uploads\/2025\/02\/IMG_7646-1024x768.jpg\" alt=\"\" class=\"wp-image-332\" srcset=\"https:\/\/axisport.fr\/wp-content\/uploads\/2025\/02\/IMG_7646-1024x768.jpg 1024w, https:\/\/axisport.fr\/wp-content\/uploads\/2025\/02\/IMG_7646-300x225.jpg 300w, https:\/\/axisport.fr\/wp-content\/uploads\/2025\/02\/IMG_7646-768x576.jpg 768w, https:\/\/axisport.fr\/wp-content\/uploads\/2025\/02\/IMG_7646-1536x1152.jpg 1536w, https:\/\/axisport.fr\/wp-content\/uploads\/2025\/02\/IMG_7646-2048x1536.jpg 2048w\" sizes=\"auto, (max-width: 1024px) 100vw, 1024px\" \/><\/figure>\n\n\n\n<figure class=\"wp-block-image size-large\"><img loading=\"lazy\" decoding=\"async\" width=\"1024\" height=\"768\" data-id=\"333\" src=\"https:\/\/axisport.fr\/wp-content\/uploads\/2025\/02\/IMG_7649-1024x768.jpg\" alt=\"\" class=\"wp-image-333\" srcset=\"https:\/\/axisport.fr\/wp-content\/uploads\/2025\/02\/IMG_7649-1024x768.jpg 1024w, https:\/\/axisport.fr\/wp-content\/uploads\/2025\/02\/IMG_7649-300x225.jpg 300w, https:\/\/axisport.fr\/wp-content\/uploads\/2025\/02\/IMG_7649-768x576.jpg 768w, https:\/\/axisport.fr\/wp-content\/uploads\/2025\/02\/IMG_7649-1536x1152.jpg 1536w, https:\/\/axisport.fr\/wp-content\/uploads\/2025\/02\/IMG_7649-2048x1536.jpg 2048w\" sizes=\"auto, (max-width: 1024px) 100vw, 1024px\" \/><\/figure>\n\n\n\n<figure class=\"wp-block-image size-large\"><img loading=\"lazy\" decoding=\"async\" width=\"768\" height=\"1024\" data-id=\"334\" src=\"https:\/\/axisport.fr\/wp-content\/uploads\/2025\/02\/IMG_7655-768x1024.jpg\" alt=\"\" class=\"wp-image-334\" srcset=\"https:\/\/axisport.fr\/wp-content\/uploads\/2025\/02\/IMG_7655-768x1024.jpg 768w, https:\/\/axisport.fr\/wp-content\/uploads\/2025\/02\/IMG_7655-225x300.jpg 225w, https:\/\/axisport.fr\/wp-content\/uploads\/2025\/02\/IMG_7655-1152x1536.jpg 1152w, https:\/\/axisport.fr\/wp-content\/uploads\/2025\/02\/IMG_7655-1536x2048.jpg 1536w, https:\/\/axisport.fr\/wp-content\/uploads\/2025\/02\/IMG_7655-scaled.jpg 1920w\" sizes=\"auto, (max-width: 768px) 100vw, 768px\" \/><\/figure>\n\n\n\n<figure class=\"wp-block-image size-large\"><img loading=\"lazy\" decoding=\"async\" width=\"768\" height=\"1024\" data-id=\"335\" src=\"https:\/\/axisport.fr\/wp-content\/uploads\/2025\/02\/IMG_7654-768x1024.jpg\" alt=\"\" class=\"wp-image-335\" srcset=\"https:\/\/axisport.fr\/wp-content\/uploads\/2025\/02\/IMG_7654-768x1024.jpg 768w, https:\/\/axisport.fr\/wp-content\/uploads\/2025\/02\/IMG_7654-225x300.jpg 225w, https:\/\/axisport.fr\/wp-content\/uploads\/2025\/02\/IMG_7654-1152x1536.jpg 1152w, https:\/\/axisport.fr\/wp-content\/uploads\/2025\/02\/IMG_7654-1536x2048.jpg 1536w, https:\/\/axisport.fr\/wp-content\/uploads\/2025\/02\/IMG_7654-scaled.jpg 1920w\" sizes=\"auto, (max-width: 768px) 100vw, 768px\" \/><\/figure>\n<\/figure>\n","protected":false},"excerpt":{"rendered":"<p>Le concept Quelques phrases pour le d\u00e9crire et laisser votre imagination d\u00e9bordante s\u2019\u00e9veiller. Que vous soyez amateur de finesse et d\u2019\u00e9quilibre ou plut\u00f4t broyeur de prises, il y en aura pour tous les go\u00fbts. Avec ce sport, vous avez l&#8217;occasion de repousser vos limites tout en vous amusant et en partageant un moment de convivialit\u00e9. [&hellip;]<\/p>\n","protected":false},"author":1,"featured_media":0,"parent":0,"menu_order":0,"comment_status":"closed","ping_status":"closed","template":"","meta":{"footnotes":""},"class_list":["post-331","page","type-page","status-publish","hentry"],"_links":{"self":[{"href":"https:\/\/axisport.fr\/index.php\/wp-json\/wp\/v2\/pages\/331","targetHints":{"allow":["GET"]}}],"collection":[{"href":"https:\/\/axisport.fr\/index.php\/wp-json\/wp\/v2\/pages"}],"about":[{"href":"https:\/\/axisport.fr\/index.php\/wp-json\/wp\/v2\/types\/page"}],"author":[{"embeddable":true,"href":"https:\/\/axisport.fr\/index.php\/wp-json\/wp\/v2\/users\/1"}],"replies":[{"embeddable":true,"href":"https:\/\/axisport.fr\/index.php\/wp-json\/wp\/v2\/comments?post=331"}],"version-history":[{"count":1,"href":"https:\/\/axisport.fr\/index.php\/wp-json\/wp\/v2\/pages\/331\/revisions"}],"predecessor-version":[{"id":338,"href":"https:\/\/axisport.fr\/index.php\/wp-json\/wp\/v2\/pages\/331\/revisions\/338"}],"wp:attachment":[{"href":"https:\/\/axisport.fr\/index.php\/wp-json\/wp\/v2\/media?parent=331"}],"curies":[{"name":"wp","href":"https:\/\/api.w.org\/{rel}","templated":true}]}}